 multiple of 24?
True
Is 157 a factor of 90581063?
False
Is 5 a factor of 1416956121?
False
Is 793245609 a multiple of 1521?
True
Is 169936043 a multiple of 339?
False
Is 1733356419 a multiple of 5157?
False
Is 5 a factor of 67265190?
True
Is 253 a factor of 10771728?
True
Is 1292036622 a multiple of 423?
False
Does 3890 divide 73933340?
True
Is 31 a factor of 401811150?
True
Is 429646886 a multiple of 703?
True
Does 4503 divide 453168411?
True
Is 338 a factor of 45236568?
True
Is 205 a factor of 168236620?
False
Is 23 a factor of 952081878?
False
Does 173 divide 112007418?
False
Does 346 divide 146454479?
False
Is 50447824 a multiple of 3023?
True
Is 312 a factor of 642353379?
False
Does 2 divide 4748867?
False
Is 26329478 a multiple of 133?
True
Does 145 divide 222766504?
False
Does 18 divide 50865764?
False
Is 156756917 a multiple of 9?
False
Is 14 a factor of 37118620?
True
Does 402 divide 19699206?
True
Is 215 a factor of 140854240?
True
Is 4 a factor of 100195915?
False
Is 8563262 a multiple of 278?
False
Is 299636380 a multiple of 815?
True
Does 2823 divide 111966537?
False
Is 2 a factor of 4207811?
False
Is 151 a factor of 3925169?
False
Does 7 divide 6132822?
False
Does 795 divide 296549376?
False
Is 427 a factor of 2147857824?
True
Is 508127452 a multiple of 48?
False
Is 2871 a factor of 98552817?
True
Is 696918004 a multiple of 5430?
False
Does 61 divide 1422886?
True
Is 105967916 a multiple of 6?
False
Does 1790 divide 934454763?
False
Is 14479976 a multiple of 211?
False
Is 389607488 a multiple of 357?
False
Does 299 divide 191098076?
True
Is 696 a factor of 121674475?
False
Is 25102660 a multiple of 220?
True
Does 3097 divide 168984708?
True
Does 793 divide 985103251?
False
Is 59 a factor of 329067764?
False
Is 40290228 a multiple of 198?
True
Is 124243387 a multiple of 904?
False
Does 646 divide 57303072?
False
Is 350 a factor of 1233016050?
True
Is 20381790 a multiple of 286?
True
Does 608 divide 14355488?
True
Is 311462857 a multiple of 489?
False
Is 2961860 a multiple of 209?
False
Does 32 divide 29045416?
False
Is 7 a factor of 1237211801?
True
Does 78 divide 176028?
False
Does 34 divide 38998784?
False
Is 667119493 a multiple of 610?
False
Does 581 divide 24365978?
True
Is 712 a factor of 89007832?
True
Is 1721041516 a multiple of 127?
True
Is 172 a factor of 1129001?
False
Is 603 a factor of 323312633?
False
Is 195493172 a multiple of 1215?
False
Is 31 a factor of 7463157?
True
Is 14 a factor of 6775944?
True
Is 231 a factor of 474494097?
True
Does 120 divide 244763040?
True
Does 410 divide 45833080?
True
Is 2169387812 a multiple of 19?
False
Does 495 divide 19459440?
True
Is 1808766582 a multiple of 21?
True
Is 8023 a factor of 214201891?
False
Is 12 a factor of 574530708?
True
Is 18838613 a multiple of 479?
False
Does 12 divide 125178640?
False
Does 105 divide 59132155?
False
Is 6962208 a multiple of 418?
True
Does 842 divide 13786412?
False
Does 1194 divide 242297745?
False
Does 39 divide 657725653?
False
Is 66 a factor of 11767668?
True
Is 1117185737 a multiple of 9254?
False
Is 17 a factor of 9864777?
True
Is 214916856 a multiple of 22?
True
Is 75387172 a multiple of 2212?
True
Is 625 a factor of 62499621?
False
Is 179142452 a multiple of 14?
False
Does 77 divide 101259826?
False
Is 11098413 a multiple of 19?
True
Is 15 a factor of 35127402?
False
Is 46538580 a multiple of 1605?
True
Is 380152072 a multiple of 4075?
False
Is 14134955 a multiple of 215?
False
Is 376 a factor of 136178392?
False
Does 3954 divide 45289116?
True
Does 4 divide 2696420?
True
Is 170639931 a multiple of 19?
True
Does 439 divide 758147732?
True
Is 4997 a factor of 357585320?
True
Is 306 a factor of 75992040?
True
Is 152667684 a multiple of 102?
True
Is 8847 a factor of 1368365490?
True
Is 211 a factor of 152387801?
False
Does 41 divide 537160307?
False
Does 144 divide 1725657264?
True
Is 2476411847 a multiple of 13?
True
Does 38 divide 258441078?
True
Is 245 a factor of 37211091?
False
Does 8 divide 30518125?
False
Is 8834787 a multiple of 91?
False
Is 1779283008 a multiple of 7?
False
Does 18 divide 299967984?
True
Does 4 divide 5948052?
True
Is 1252289847 a multiple of 136?
False
Is 352060899 a multiple of 87?
True
Does 242 divide 73040521?
False
Is 18 a factor of 62765478?
True
Does 1884 divide 41659487?
False
Does 5 divide 87430800?
True
Is 35 a factor of 20343680?
True
Is 22425425 a multiple of 55?
True
Is 2457294035 a multiple of 1195?
True
Is 3429 a factor of 35669005?
False
Does 32 divide 396046144?
True
Is 1043 a factor of 15721323?
False
Is 39295988 a multiple of 293?
True
Is 970 a factor of 19691000?
True
Does 3 divide 19239350?
False
Is 3368 a factor of 669144136?
True
Is 48 a factor of 41270832?
True
Is 3357 a factor of 376841365?
False
Is 1690591139 a multiple of 3?
False
Does 17 divide 256616241?
True
Does 2351 divide 1316437748?
True
Is 580 a factor of 212303789?
False
Does 2714 divide 369402670?
False
Is 4 a factor of 721964871?
False
Is 907 a factor of 243629270?
True
Is 276697440 a multiple of 44?
False
Is 143883012 a multiple of 98?
True
Is 47592114 a multiple of 32?
False
Is 196 a factor of 8476216?
True
Is 4665 a factor of 206329378?
False
Does 1063 divide 168024933?
False
Is 18 a factor of 10061204?
False
Does 1479 divide 328154677?
False
Does 3739 divide 10719671?
False
Is 3629357380 a multiple of 172?
True
Does 59 divide 54875871?
False
Is 39 a factor of 2949035310?
True
Is 344 a factor of 12184480?
True
Is 161 a factor of 45701804?
False
Is 70918303 a multiple of 947?
False
Is 5903639 a multiple of 309?
False
Is 332 a factor of 13750444?
True
Does 229 divide 212137585?
True
Is 671 a factor of 32662?
False
Is 6626354 a multiple of 2?
True
Is 98 a factor of 38300290?
False
Is 906 a factor of 139286628?
True
Does 706 divide 328304826?
True
Is 98103683 a multiple of 301?
False
Is 25 a factor of 61573888?
False
Is 10 a factor of 16142140?
True
Does 90 divide 1068548948?
False
Does 702 divide 2786365215?
False
Is 33814977 a multiple of 2163?
False
Does 10 divide 27480310?
True
Is 2225027376 a multiple of 1976?
True
Does 5 divide 93430079?
False
Is 193912368 a multiple of 103?
False
Does 135 divide 766793925?
True
Does 27 divide 1634310434?
False
Is 45 a factor of 16045515?
True
Does 17 divide 344743398?
False
Is 5 a factor of 57171350?
True
Is 168 a factor of 296510592?
True
Does 442 divide 166309603?
False
Does 136 divide 340892704?
True
Is 43 a factor of 1425859005?
False
Is 248 a factor of 166081632?
True
Is 783 a factor of 62263324?
False
Does 471 divide 193271321?
False
Is 1664784 a multiple of 11?
True
Is 2120 a factor of 5493025714?
False
Is 407 a factor of 103725171?
True
Does 62 divide 4511388?
False
Is 6511 a factor of 245030487?
False
Is 296 a factor of 61039964?
False
Is 163002680 a multiple of 344?
True
Does 253 divide 2734453124?
False
Does 53 divide 1447518302?
False
Does 1048 divide 79898715?
False
Is 794 a factor of 487648709?
False
Is 964381501 a multiple of 17?
False
Is 2002 a factor of 1384871488?
True
Is 2700072837 a multiple of 33?
True
Does 1718 divide 2061600?
True
Is 765537138 a multiple of 39?
False
Does 2060 divide 1196860?
True
Is 1094 a factor of 437330876?
True
Is 37438159 a multiple of 800?
False
Is 10 a factor of 51122530?
True
Is 1629 a factor of 826603?
False
Does 678 divide 87388776?
True
Is 661750548 a multiple of 105?
False
Is 11 a factor of 209368258?
True
Is 25 a factor of 233894183?
False
Is 1203479090 a multiple of 2270?
True
Does 63 divide 292853872?
False
Is 378 a factor of 1177447764?
False
Is 88 a factor of 29854690?
False
Is 106635301 a multiple of 97?
True
Does 282 divide 28252121?
False
Does 95 divide 831405420?
True
Is 30 a factor of 1950922242?
False
Is 357 a factor of 6482406?
True
Does 2 divide 76251449?
False
Is 1024060800 a multiple of 100?
True
Is 902 a factor of 3177746?
True
Is 4439 a factor of 2678628518?
False
Is 763 a factor of 29839819?
False
Does 179 divide 10571561?
True
Is 3212 a factor of 88645368?
False
Is 22646890 a multiple of 595?
True
Is 134 a factor of 2137415791?
False
Is 27 a factor of 79682103?
True
Is 97626543 a multiple of 21?
True
Is 3068850 a multiple of 3?
True
Is 1053376310 a multiple of 26?
False
Is 64 a factor of 14917003?
False
Is 352867